y g?
12
Suppose 0 = 2*j - 9 + 1. Let v(s) = 2*s**2 - 3*s - 3. Suppose 0 = 2*q + 4*u - 90, 5*u + 35 = 2*q - 73. Calculate the remainder when q is divided by v(j).
15
Let y(o) = o**3 - 3*o**2 - 6*o + 6. Suppose 3*m - 7 = -t + 2, -t + 15 = 5*m. Let l(b) = -b + 9. What is the remainder when y(5) is divided by l(t)?
8
Suppose d - 6*d = -4*x - 11, -1 = -x. Calculate the remainder when 34 is divided by d.
1
Let s = 247 + -146. What is the remainder when s is divided by 13?
10
Let i = -63 + 100. What is the remainder when i is divided by 4?
1
Let d(c) = -c**3 - 7*c**2 - 6*c + 4. Let v be d(-6). Suppose 5*o - 75 = 5*h, -v*o + 7*h - 2*h + 57 = 0. Calculate the remainder when o is divided by 7.
4
Suppose -4*l = -7*l - 4*n + 67, 5*l - 170 = 5*n. Calculate the remainder when l is divided by 36/(-234) + (-212)/(-26).
5
Let q be (-10)/4*(-3 + 1). Suppose -z = q*t + 3*z - 100, 0 = -z. Calculate the remainder when t is divided by 7.
6
Suppose -i + 4*n + 5 = 0, 91 = 5*i - 3*n + 5*n. Calculate the remainder when 117 is divided by i.
15
Let v = -30 - -66. Suppose 4*c - 4*p - v = 24, -5*c + p + 55 = 0. Suppose 28 = 5*w - 62. What is the remainder when w is divided by c?
8
Let k be 1/(-4) + 102/24. Suppose -3*h = k*u - u - 39, 4*h = 3*u - 32. What is the remainder when 19 is divided by u?
7
Suppose 4*v + 128 = -4*l + 8*v, -3*v = -15. Let h = l - -47. Suppose -2*m + m + 41 = -x, -5*m = -2*x - 196. What is the remainder when m is divided by h?
18
Let y(m) = -6*m - 8. What is the remainder when 29 is divided by y(-3)?
9
Let o = -149 - -151. Suppose 0 = 4*b - 20 - 16. Let p = b - 6. Calculate the remainder when p is divided by o.
1
Suppose 5*x + 3*g = 14, g = -3*x + 3 + 7. Let m(j) be the second derivative of 5*j**3/6 - j**2 + 3*j. What is the remainder when x is divided by m(1)?
1
Let t = 5 - 2. Suppose -t*w = -w - 10. Let r(z) = 6*z - 6. Calculate the remainder when 46 is divided by r(w).
22
Suppose 3*k - 72 = -0*k. What is the remainder when 47 is divided by k?
23
Let d = 16 + -9. Let a(n) = 1. Let v(m) = m**3 - 8*m**2 - 10*m + 14. Let i(j) = -2*a(j) + v(j). Calculate the remainder when d is divided by i(9).
1
Let s(i) = -i**3 + 6*i**2 - 3*i - 4. Let l be 3/(15/(-18) - -1). Suppose -4*f - l + 82 = 0. What is the remainder when f is divided by s(5)?
4
Let a = 0 - -2. Suppose a*n + 4*t = n + 12, -2*n + 20 = 4*t. Suppose -2*y + i = -16 - 25, -3*y + 60 = -3*i. Calculate the remainder when y is divided by n.
5
Let f be 36/10 - (-2)/5. Suppose -2*h = 3*h + 50. What is the remainder when f/10 - 196/h is divided by 7?
6
Let r(y) = -y**3 + 6*y**2 - 3*y - 7. Let b be r(5). Suppose -i = l + 2*i - 13, -3*i + b = 0. What is the remainder when 38 is divided by l?
8
Suppose 16 = 4*o - 4*r, 2*r + 7 = o - 1. Let j = 2 + o. Suppose 4*b = 3*t - t + 140, -j*t = 0. Calculate the remainder when b is divided by 9.
8
Suppose -2*s - 4*t + 49 = 3*s, 2*t = -3*s + 31. Let u(l) = l - 4. What is the remainder when 35 is divided by u(s)?
8
Suppose -3*a + 24 = -m + 3*m, 0 = -3*a + 4*m + 6. Calculate the remainder when 9 is divided by a.
3
Let i(z) = z**3 - 10*z**2 - 12*z + 13. Suppose -6*p = -p - 10. What is the remainder when p is divided by i(11)?
0
Suppose -5*t - 2*v = -v - 48, -4*t + 42 = 2*v. Let s(n) = 16*n**2 + 7*n - 7. What is the remainder when s(1) is divided by t?
7
Calculate the remainder when 3*(-1)/4 + (-282)/(-24) is divided by 4.
3
What is the remainder when 40 is divided by 6/(-9) - (1 + (-41)/3)?
4
Suppose 5*s = 4*r - 150, -2*r + 5*s + 110 = r. What is the remainder when 117 is divided by r?
37
Suppose 2*h + 0*h - 32 = 0. Calculate the remainder when (16/(-28))/(-1*2/217) is divided by h.
14
Let n = 23 - 22. Suppose 0 = -4*j + 5*b + 13, -4*j - b + 1 = -6. What is the remainder when j is divided by n - (-1 + 0) - 1?
0
Suppose -8*f + 220 + 36 = 0. Calculate the remainder when f is divided by 9.
5
Let b(r) = r**2 + 7*r + 16. What is the remainder when b(-18) is divided by 54?
52
Let r(s) = 2*s**2 + 1. Let h be r(1). Let w(t) = 2*t**2 - t - 1. Let v be w(h). Calculate the remainder when 4 is divided by 114/42 - (-4)/v.
1
Let t(s) = -s**2 - 12*s + 11. Calculate the remainder when t(-11) is divided by 8.
6
Let c = 237 + -229. Let y = -18 - -31. Calculate the remainder when y is divided by c.
5
Let h(b) be the second derivative of b**4/12 + 5*b**3/6 + b**2/2 - 2*b. Calculate the remainder when 43 is divided by h(-7).
13
Suppose -5 = -o - 3*t, 2*o - 4 = -4*t + 2. Let j = o + 5. What is the remainder when 15 is divided by j?
3
Let u be 1*(-2 + -1 - -2). Let b be -4 - -3 - (-16 + u). Suppose -41 = -3*p + b. What is the remainder when p is divided by 7?
5
Let s(g) = 4*g**2 + 3*g - 1. Let l be s(-3). Suppose -j + 87 - l = 0. Calculate the remainder when j is divided by 21.
19
Let p(d) = 3*d**2 + 3*d - 2. Suppose o + g = -0*g - 7, -2*g = 5*o + 32. Let w = 24 - o. Calculate the remainder when w is divided by p(2).
14
Let m be -12 - -20 - 8/(-2). Calculate the remainder when 33 is divided by 4/m + (-70)/(-6).
9
Let l = -9 + 46. Suppose 2*g = -3*y + 5*g + 33, 3*y = -g + l. What is the remainder when 23 is divided by y?
11
Let b = -4 - 6. What is the remainder when (-135)/(-6)*(-8)/b is divided by 10?
8
Suppose -4*q - 225 = -3*m - q, 3*m - 4*q = 230. Calculate the remainder when m is divided by 26.
18
Suppose -3*k + 7*k - 2*j - 34 = 0, 4*k + 5*j - 41 = 0. Calculate the remainder when 15 is divided by k.
6
Suppose -5*g = 113 - 413. Suppose u + 2*c - 60 = 0, -4*c = -u - 7*c + g. Calculate the remainder when 26 is divided by (6/(-10))/((-4)/u).
8
Let w(r) = r**3 - 6*r**2 - 7*r + 7. Suppose -7*h + 5*h + 14 = 0. Let m = 22 + -9. What is the remainder when m is divided by w(h)?
6
Suppose 8 + 1 = -3*m, 0 = -o + 3*m + 11. Suppose 0 = 3*c - t - 2*t - 72, 28 = o*c + 3*t. Calculate the remainder when c is divided by 1*14*1/2.
6
What is the remainder when -1*(-44)/(-1)*-1 is divided by (3/(-6))/((-2)/60)?
14
Let d = 90 + -76. Calculate the remainder when d is divided by 6.
2
Let c(q) = -7*q + 5. Calculate the remainder when c(-4) is divided by (-2 - -11)*(-4)/(-3).
9
Suppose -2*m = 8, -2*q - m - 4*m + 216 = 0. What is the remainder when q is divided by 15?
13
Let b(o) = -o**2 - 10*o + 2. What is the remainder when 14 is divided by b(-10)?
0
Let n(p) = -p**2 + 11*p - 16. Calculate the remainder when 40 is divided by n(6).
12
Calculate the remainder when (-9 - -11)/((-4)/(-166)) is divided by 28.
27
Let n(k) = -5*k. Let v be n(-4). Suppose p + v = -0. What is the remainder when 29 is divided by (-8)/p + (-96)/(-10)?
9
Let c = -50 + 53. Suppose -h = -3*h + 6. Suppose -17 = -3*p + 2*m, 4*p = -p - 3*m + h. Calculate the remainder when c is divided by p.
0
Suppose 22 - 4 = 3*l. Calculate the remainder when 5 is divided by (-3)/(((-27)/l)/3).
1
Suppose -4*c + 13 = -35. Suppose -3*r = -88 + 19. What is the remainder when r is divided by c?
11
Calculate the remainder when (0 + -1)/(10/(-410)) is divided by 25.
16
Suppose 4*g + g = 10, -2*l + 4*g = -404. Let y = -125 + l. Suppose y = 3*a + b, 2*a - 5*b - 54 = -0*a. What is the remainder when a is divided by 14?
13
Let o = 8 + -5. Suppose -3*n + 2*u + 93 = 0, o*n - 46 - 47 = 5*u. Calculate the remainder when n is divided by 16.
15
Suppose 91 = 5*p + 21. What is the remainder when 109 is divided by p?
11
Suppose 0 = -5*k + 5*m + 390, 353 = 4*k - 2*m + 31. Let u = k - 40. Let t = -53 + 75. Calculate the remainder when u is divided by t.
21
Let o(q) = 3*q - 6. Let b be o(11). What is the remainder when 1*71 + b/9 is divided by 19?
17
Let t = 332 - 221. What is the remainder when t is divided by 38?
35
Suppose -9*o - 34 = -11*o. What is the remainder when o is divided by 12 + -2 + 0 + 0?
7
Suppose -5 = -5*c, -4*s = 3*c - 26 + 7. Suppose -5*q - 4*w = -130, -s*q + w = 7 - 111. Calculate the remainder when q is divided by 9.
8
Suppose -4*v + 73 = -2*q + 407, 0 = 5*q + 4*v - 765. What is the remainder when q is divided by 40?
37
Let n be 4*(-1)/8*-6. Suppose 0 = -7*x + 3*x - 2*d + 84, 0 = -3*x - n*d + 66. Calculate the remainder when x is divided by 11.
9
Let w(y) = 6*y**2 - 2*y + 3. What is the remainder when 32 is divided by w(1)?
4
Calculate the remainder when 110 is divided by 29 - (2 + 1/(-1)).
26
Suppose 5*o = 3*o - 4. Let t(q) = -q**3 + 2*q**2 + 1. Calculate the re